{"id":2370,"date":"2023-04-05T16:54:15","date_gmt":"2023-04-05T16:54:15","guid":{"rendered":"https:\/\/www.kuvita.net\/jotainmuuta\/kuvagalleria\/"},"modified":"2026-03-08T11:04:50","modified_gmt":"2026-03-08T11:04:50","slug":"kuvagalleria","status":"publish","type":"page","link":"https:\/\/www.kuvita.net\/jotainmuuta\/kuvagalleria\/","title":{"rendered":"Galleria(imagetransfer) 2020-"},"content":{"rendered":"\n<p>T\u00e4ll\u00e4 sivulla on <strong>valikoima<\/strong> teoksia vuosilta <strong>2020-202<\/strong>4<br>Teokseni oeln toteuttanut <a href=\"https:\/\/learn.corel.com\/projects\/make-photo-transfer-canvas\/\"><strong>Image\/Fototransfer<\/strong>&#8211;<\/a> tekniikalla, mik\u00e4 tarkoittaa, ett\u00e4 kuvissa k\u00e4ytettyjen laservalokuvatulosteiden pigmentti irroetaan erikoisliiman avulla kankaale tai puulevylle. Olen jatkanut n\u00e4it\u00e4 kollaaseiksi (mixed media) luokiteltavia kuvia viel\u00e4 maalaamalla akryyleill\u00e4. Tuloksena on suurelta osin <strong>grafiikaksi luokiteltavia<\/strong> yksitt\u00e4isvedoksia, kollaaseja, pikemmin kuin kuin maalauksia.<br>-jos olet kiinnostunut hankkimaan kuvan, ota yhteytt\u00e4 (- osa on jo ostettu yksityisiin kokoelmiin)<br>Yhteystiedot: <strong>marja.rosti@kuvita.net<\/strong><\/p>\n\n\n\n<p><\/p>\n\n\n\n<p>Kuvat voidaan liimata kahdella tavalla, geelill\u00e4, joka tekee kuvasta l\u00e4pin\u00e4kyv\u00e4n tai peitt\u00e4v\u00e4n. Ohessa kissakuvaan on liimattu pylv\u00e4\u00e4t l\u00e4pin\u00e4kyv\u00e4ksi tekev\u00e4ll\u00e4 geelill\u00e4.<\/p>\n\n\n\n<figure class=\"wp-block-image size-large is-resized\"><img loading=\"lazy\" decoding=\"async\" width=\"1024\" height=\"524\" src=\"https:\/\/www.kuvita.net\/jotainmuuta\/wp-content\/uploads\/2025\/11\/IMG_6426-1024x524.jpeg\" alt=\"\" class=\"wp-image-3620\" style=\"width:286px;height:auto\" srcset=\"https:\/\/www.kuvita.net\/jotainmuuta\/wp-content\/uploads\/2025\/11\/IMG_6426-1024x524.jpeg 1024w, https:\/\/www.kuvita.net\/jotainmuuta\/wp-content\/uploads\/2025\/11\/IMG_6426-300x154.jpeg 300w, https:\/\/www.kuvita.net\/jotainmuuta\/wp-content\/uploads\/2025\/11\/IMG_6426-768x393.jpeg 768w, https:\/\/www.kuvita.net\/jotainmuuta\/wp-content\/uploads\/2025\/11\/IMG_6426-1536x786.jpeg 1536w, https:\/\/www.kuvita.net\/jotainmuuta\/wp-content\/uploads\/2025\/11\/IMG_6426-2048x1049.jpeg 2048w\" sizes=\"auto, (max-width: 1024px) 100vw, 1024px\" \/><\/figure>\n\n\n\n<figure class=\"wp-block-image size-large is-resized\"><img loading=\"lazy\" decoding=\"async\" width=\"1024\" height=\"505\" src=\"https:\/\/www.kuvita.net\/jotainmuuta\/wp-content\/uploads\/2025\/11\/IMG_6427-1024x505.jpeg\" alt=\"\" class=\"wp-image-3619\" style=\"width:285px;height:auto\" srcset=\"https:\/\/www.kuvita.net\/jotainmuuta\/wp-content\/uploads\/2025\/11\/IMG_6427-1024x505.jpeg 1024w, https:\/\/www.kuvita.net\/jotainmuuta\/wp-content\/uploads\/2025\/11\/IMG_6427-300x148.jpeg 300w, https:\/\/www.kuvita.net\/jotainmuuta\/wp-content\/uploads\/2025\/11\/IMG_6427-768x379.jpeg 768w, https:\/\/www.kuvita.net\/jotainmuuta\/wp-content\/uploads\/2025\/11\/IMG_6427-1536x758.jpeg 1536w, https:\/\/www.kuvita.net\/jotainmuuta\/wp-content\/uploads\/2025\/11\/IMG_6427-2048x1010.jpeg 2048w\" sizes=\"auto, (max-width: 1024px) 100vw, 1024px\" \/><\/figure>\n\n\nngg_shortcode_0_placeholder\n\n\n\n<p>Koko <strong>sivuston kaikki kuvat diaesityksen\u00e4<\/strong><\/p>\n\n\n\nngg_shortcode_1_placeholder\n","protected":false},"excerpt":{"rendered":"<p>T\u00e4ll\u00e4 sivulla on valikoima teoksia vuosilta 2020-2024Teokseni oeln toteuttanut Image\/Fototransfer&#8211; tekniikalla, mik\u00e4 tarkoittaa, ett\u00e4 kuvissa k\u00e4ytettyjen laservalokuvatulosteiden pigmentti irroetaan erikoisliiman avulla kankaale tai puulevylle. Olen jatkanut n\u00e4it\u00e4 kollaaseiksi (mixed media) luokiteltavia kuvia viel\u00e4 maalaamalla akryyleill\u00e4. Tuloksena on suurelta osin grafiikaksi luokiteltavia yksitt\u00e4isvedoksia, kollaaseja, pikemmin kuin kuin maalauksia.-jos olet kiinnostunut hankkimaan kuvan, ota yhteytt\u00e4 (- osa [&hellip;]<\/p>\n","protected":false},"author":2,"featured_media":0,"parent":0,"menu_order":0,"comment_status":"closed","ping_status":"closed","template":"","meta":{"site-sidebar-layout":"default","site-content-layout":"","ast-site-content-layout":"default","site-content-style":"default","site-sidebar-style":"default","ast-global-header-display":"","ast-banner-title-visibility":"","ast-main-header-display":"","ast-hfb-above-header-display":"","ast-hfb-below-header-display":"","ast-hfb-mobile-header-display":"","site-post-title":"","ast-breadcrumbs-content":"","ast-featured-img":"","footer-sml-layout":"","ast-disable-related-posts":"","theme-transparent-header-meta":"","adv-header-id-meta":"","stick-header-meta":"","header-above-stick-meta":"","header-main-stick-meta":"","header-below-stick-meta":"","astra-migrate-meta-layouts":"set","ast-page-background-enabled":"default","ast-page-background-meta":{"desktop":{"background-color":"var(--ast-global-color-4)","background-image":"","background-repeat":"repeat","background-position":"center center","background-size":"auto","background-attachment":"scroll","background-type":"","background-media":"","overlay-type":"","overlay-color":"","overlay-opacity":"","overlay-gradient":""},"tablet":{"background-color":"","background-image":"","background-repeat":"repeat","background-position":"center center","background-size":"auto","background-attachment":"scroll","background-type":"","background-media":"","overlay-type":"","overlay-color":"","overlay-opacity":"","overlay-gradient":""},"mobile":{"background-color":"","background-image":"","background-repeat":"repeat","background-position":"center center","background-size":"auto","background-attachment":"scroll","background-type":"","background-media":"","overlay-type":"","overlay-color":"","overlay-opacity":"","overlay-gradient":""}},"ast-content-background-meta":{"desktop":{"background-color":"var(--ast-global-color-5)","background-image":"","background-repeat":"repeat","background-position":"center center","background-size":"auto","background-attachment":"scroll","background-type":"","background-media":"","overlay-type":"","overlay-color":"","overlay-opacity":"","overlay-gradient":""},"tablet":{"background-color":"var(--ast-global-color-5)","background-image":"","background-repeat":"repeat","background-position":"center center","background-size":"auto","background-attachment":"scroll","background-type":"","background-media":"","overlay-type":"","overlay-color":"","overlay-opacity":"","overlay-gradient":""},"mobile":{"background-color":"var(--ast-global-color-5)","background-image":"","background-repeat":"repeat","background-position":"center center","background-size":"auto","background-attachment":"scroll","background-type":"","background-media":"","overlay-type":"","overlay-color":"","overlay-opacity":"","overlay-gradient":""}},"ngg_post_thumbnail":0,"footnotes":""},"class_list":["post-2370","page","type-page","status-publish","hentry"],"_links":{"self":[{"href":"https:\/\/www.kuvita.net\/jotainmuuta\/wp-json\/wp\/v2\/pages\/2370","targetHints":{"allow":["GET"]}}],"collection":[{"href":"https:\/\/www.kuvita.net\/jotainmuuta\/wp-json\/wp\/v2\/pages"}],"about":[{"href":"https:\/\/www.kuvita.net\/jotainmuuta\/wp-json\/wp\/v2\/types\/page"}],"author":[{"embeddable":true,"href":"https:\/\/www.kuvita.net\/jotainmuuta\/wp-json\/wp\/v2\/users\/2"}],"replies":[{"embeddable":true,"href":"https:\/\/www.kuvita.net\/jotainmuuta\/wp-json\/wp\/v2\/comments?post=2370"}],"version-history":[{"count":23,"href":"https:\/\/www.kuvita.net\/jotainmuuta\/wp-json\/wp\/v2\/pages\/2370\/revisions"}],"predecessor-version":[{"id":3661,"href":"https:\/\/www.kuvita.net\/jotainmuuta\/wp-json\/wp\/v2\/pages\/2370\/revisions\/3661"}],"wp:attachment":[{"href":"https:\/\/www.kuvita.net\/jotainmuuta\/wp-json\/wp\/v2\/media?parent=2370"}],"curies":[{"name":"wp","href":"https:\/\/api.w.org\/{rel}","templated":true}]}}